 21. List the prime factors of m.
7
Suppose -2*d = -7 - 13. Suppose -3*v + d + 20 = 0. Let s = v - 7. What are the prime factors of s?
3
Let i be (-18)/4*10/3. Let a be 40/i*18/(-8). Suppose 0 = 4*j + 5*f - 40, 5*j - 3*j - f = a. What are the prime factors of j?
5
Let f(x) = -x**3 + 7*x**2 + 11*x - 4. Suppose 0 = -0*a + 2*a - 16. What are the prime factors of f(a)?
2, 5
What are the prime factors of (-64)/(-80)*125/2?
2, 5
Suppose 0*m - 3*m - 6 = 0. List the prime factors of (18 + 2 + m)*1.
2, 3
Suppose 2*u = -2*c + 30, -35 = -4*c - 0*u + u. Let w = -6 + c. Suppose -w*q = -q - 45. What are the prime factors of q?
3, 5
Let j(w) = w**2 - 8*w - 6. Let p be j(9). Suppose -r + p*r = -18. What are the prime factors of (r/4)/((-9)/48)?
2, 3
Suppose -k - 3 = -4*a, 5*a - 4*k + 10 + 0 = 0. Let c be ((-16)/(-10))/(a/5). Suppose 16 = -0*d + c*d. What are the prime factors of d?
2
Let j(s) = 9*s - 38. What are the prime factors of j(16)?
2, 53
Suppose 3*w + 4*g - 12 = 0, -2*w - w = -g + 3. List the prime factors of (-22)/(-2) - (w + -1).
2, 3
Suppose 66 = 4*t - 3*o, -3*t - 12 = -4*t + 3*o. Suppose -4*z - 5*p + t = 0, 4 + 19 = 3*z - p. Let n = z - 1. List the prime factors of n.
2, 3
Let g(q) be the third derivative of q**6/120 - 3*q**5/20 - 5*q**4/12 + 2*q**3/3 - q**2. Let a(r) = r + 3. Let d be a(7). What are the prime factors of g(d)?
2
Let x(q) = -q + 7. Let z be x(5). Suppose 28 = z*k + m, -m = -2*k - k + 52. What are the prime factors of k?
2
Suppose u = -q + 3, 3*u + 5*q - 1 = 2. Let o(s) = s**2 - 4*s - 2. Let x be o(6). Let n = x - u. What are the prime factors of n?
2
Suppose -12 - 76 = -4*i. Let w = i + -12. What are the prime factors of w?
2, 5
What are the prime factors of (-153)/(-4) - 3/12?
2, 19
Let m(x) = 2*x**2 + 2*x - 1. Let k be m(1). Let y = 15 + k. List the prime factors of y.
2, 3
Let o(s) = -s**2. Suppose -3*i + 7*i = 20. Let v(t) = t**3 + 12*t**2 - 11*t - 6. Let g(a) = i*o(a) + v(a). What are the prime factors of g(-8)?
2, 3
Suppose 2*o = 3*o - 2*n + 28, -5*o + 2*n - 132 = 0. Let w be 115/(-7) + (-15)/(-35). Let y = w - o. What are the prime factors of y?
2, 5
Let z(v) = -v**3 - 4*v**2 + 3*v - 7. Let x(t) = -t**3 + 9*t**2 - 8*t - 5. Let y be x(8). Let q be z(y). Suppose 36 = 7*u - q*u. What are the prime factors of u?
3
Suppose 122 = 9*b - 463. List the prime factors of b.
5, 13
Let j(d) = 3*d + 1. What are the prime factors of j(2)?
7
Let q(h) = -h**3 + 3*h**2 + 2*h - 4. Suppose -5*a - 6 - 4 = 0. Let m = 1 - a. List the prime factors of q(m).
2
Suppose 4*s = -5*s + 3060. List the prime factors of s.
2, 5, 17
Let q be (10/(-35))/(1/(-7)). Suppose -5*v + 14 = -0*v - 2*b, 0 = 4*v + 2*b - 4. Suppose -31 = -q*w + 3*u + 2*u, 2*u + 22 = v*w. List the prime factors of w.
2
Suppose w = -w + 4. Let o = w + 7. Suppose -4*l = 2*i, 0 = 3*i - 3*l - 45 + o. What are the prime factors of i?
2
Let g(s) = 2*s - 3. Let z be g(3). Suppose x = -z*x. Suppose x = -4*c + 2*c + 10. List the prime factors of c.
5
What are the prime factors of (-4)/26 + (-368)/(-26)?
2, 7
Suppose 9*d = 4*d + 10. Suppose 3*y - 98 = -x, 100 = d*y + y + 2*x. What are the prime factors of y?
2
Let w be ((-4)/(-10))/((-1)/(-5)). List the prime factors of -2*w*(2 - 3).
2
Suppose 0*o = -4*j - 5*o - 2, 3*j = 4*o + 14. Suppose 7*f - 4*f - 61 = -4*q, f + 23 = j*q. List the prime factors of q.
13
Let b be 3*5 + 2 + -2. Let x = 10 + -4. Suppose -x*c + b = -c. What are the prime factors of c?
3
Let q(s) = -s + 4. Let j be q(4). Suppose 2*m = -j*m + 8. Suppose -n = -2*y + 2, 0 = -m*n - 3*y - 0*y + 25. List the prime factors of n.
2
Let d(g) = -2*g + 2. Let c be d(-7). Suppose -c = -3*b - b. List the prime factors of b.
2
Let k(l) = -l**2 + 6*l + 3. Let w be k(6). Let a be (w/6)/((-1)/(-2)). What are the prime factors of 3 - -9 - (-1 + a)?
2, 3
Let x be (-3)/(-6)*(-2 + 2). Suppose x = 3*z - 4*g - 24, -5*z + 5*g = -4*z - 19. What are the prime factors of z?
2
Suppose 0 = -9*g + 12*g - 237. What are the prime factors of g?
79
Suppose 18 = 2*g - 8. Suppose 4*q = 4*m + 12, 0*m + 5*q + 35 = -5*m. Let h = m + g. List the prime factors of h.
2
Suppose 0 = -0*g + 3*g - 2*o - 6, 4*g = -2*o + 8. Suppose -2*f = g*f. Suppose 0*r - 5*r + 30 = f. List the prime factors of r.
2, 3
Let k = 1 + -6. Let g(x) = -2*x. List the prime factors of g(k).
2, 5
Let y(l) = 0*l**2 + 7*l**2 + 4*l**2 - 1 + 2*l. List the prime factors of y(1).
2, 3
Suppose 2*q - q - 63 = 0. List the prime factors of q.
3, 7
Let r = -1 + 4. Suppose 5*d + 2 = -r. List the prime factors of (1 - 8/(-1)) + d.
2
Suppose -4*q = 5 + 19. Let x = -4 - q. Suppose -2*p + 4*p - 17 = z, -x*z = 2*p - 8. What are the prime factors of p?
7
Let r(x) = 2*x + 9. Let a(f) = -f - 4. Suppose 3*w - 8*j + 3 = -4*j, 0 = -3*w + 5*j. Let i(y) = w*a(y) - 2*r(y). What are the prime factors of i(3)?
5
Let n(z) = z**2 - 1 - 3 - 3*z + 4*z. What are the prime factors of n(5)?
2, 13
Suppose -b - 14 + 0 = 4*n, -3*b - 4*n - 2 = 0. Suppose -2*u = b, -5*w + u + 0*u + 103 = 0. What are the prime factors of w?
2, 5
Suppose 0*b - 2*b = -98. List the prime factors of b.
7
Let z = -5 - -8. Suppose o = -s + z, -o + 2*s = 4*s - 3. What are the prime factors of o?
3
Let n be 3*(71/3 + -2). Suppose -4*b = -m + 5 - n, -5*b = -2*m - 75. Suppose -3*l - 2*i + 36 = 0, 0 = l + 5*i + 3 - b. What are the prime factors of l?
2, 3
Let r be (-3)/2 + (-657)/(-6). Suppose -r = -5*n - 2*k + 49, -n = 4*k - 35. List the prime factors of n.
31
Suppose d - 3 = -1. Let k(p) = 8*p**3 + 3*p - d*p**3 - 7*p**3 - 4. List the prime factors of k(-3).
2, 7
Let j(u) = u + 10. Let p be j(-8). Suppose -2 - 12 = -p*r. What are the prime factors of r?
7
Let m be 122/18 - (-2)/9. Suppose 3*i - m*i - 26 = -2*h, 0 = -h - 5*i - 22. Suppose w = h + 11. What are the prime factors of w?
2, 7
Suppose -5*v = -4*a + 46, 0 = -2*v - 0*a + 3*a - 17. Let t be (9/15)/(2/v). List the prime factors of 1 + 13 - (t - -3).
2, 7
Let v(h) = h. Let q be v(2). Suppose 0 = -q*i + i. Suppose i*m = m - 12. List the prime factors of m.
2, 3
Suppose 2*q - 2*u - 17 = q, 3*q = 3*u + 42. Let a = 25 - q. Let n = a - 8. What are the prime factors of n?
2, 3
Let g(o) = -3*o**3 - 2*o**2 + 17*o + 11. What are the prime factors of g(-5)?
251
Let b(f) = 14*f**3 + f + 2. What are the prime factors of b(2)?
2, 29
Let x = 26 + -17. List the prime factors of x.
3
Let s(a) = 2*a - 9. List the prime factors of s(6).
3
Suppose 1 = -2*d - 2*s + 11, -d - 1 = -s. What are the prime factors of 16 + (1 - d - 1)?
2, 7
Suppose -4*y + 20 = -0*y. Suppose -25 = 5*x, -y*x - 41 = -2*s - 12. Suppose s*q + 2*q - 32 = 0. List the prime factors of q.
2
Let l(m) be the first derivative of 1/2*m**2 + 18*m - 3. What are the prime factors of l(-10)?
2
Let t(n) = -n**3 + 4*n**2 + 2*n - 3. Let d be t(4). Let h = 1 + d. Suppose b + h - 31 = 4*u, 0 = -3*b - 5*u - 10. What are the prime factors of b?
5
Suppose 0 = 4*y - 5*y + 255. Suppose -5*a - 5*q + y = -5, 140 = 3*a - 5*q. Suppose -5*c = -0*c + 5*n - a, -4*c + 5*n = -85. List the prime factors of c.
3, 5
Let r = 119 - 69. What are the prime factors of r?
2, 5
Let v(a) = -a**3 + 2*a**2 + 3*a. Suppose -z = -3*z + 4. Let g be (-4 - -8)*z/(-4). What are the prime factors of v(g)?
2, 5
Suppose 5*l - 7 = 4*c - 3, 2*c + 2 = 0. Suppose l*n - n = -7. What are the prime factors of n?
7
Let v be (-3)/(-12) + 129/12. List the prime factors of v + 2/((-8)/(-4)).
2, 3
Let p = -146 - -222. List the prime factors of p.
2, 19
Let y(h) = -10*h**3 + h**2 + 2*h - 20*h**3 + 1 + 10*h**3. List the prime factors of y(-1).
2, 5
Let r(s) = 4*s - 1. Let g be r(2). Let t = 5 - g. What are the prime factors of 3*t*(-2)/4?
3
Suppose 7*k - 2*k - 30 = 0. Suppose -k*w = -w - 120. What are the prime factors of w?
2, 3
Suppose -2*k - 52 = z + z, -k - 18 = 5*z. List the prime factors of (-18)/(k/8 - -2).
2, 3
Let b = 7 + -5. Suppose m + 3*h - 38 = 0, -b*h + 138 = -m + 6*m. List the prime factors of m.
2, 13
Suppose -116 = -3*w + w. List the prime factors of w.
2, 29
Let m = -23 + 45. What are the prime factors of m?
2, 11
Let y = -7 - -7. Suppose y = 2*j - j + k - 28, 0 = -3*j - k + 74. What are the prime factors of j?
23
Suppose 2*x + 4*j = -16, -4*j + 8*j + 30 = 5*x. Suppose t + x*t - 12 = 0. Suppose v = -t, -2*b + 6*v + 40 = 3*v. What are the prime factors of b